hen j is divided by 4.
3
Suppose 5*s - 9 - 6 = 0. Suppose -3*u + 0*c - 2 = 2*c, -18 = -3*u + 3*c. Let b = 2 + u. What is the remainder when b is divided by s?
1
Let h(c) = -c - 1. What is the remainder when 12 is divided by h(-6)?
2
Suppose -1 - 8 = -3*h. Suppose -5*g - h = -68. Calculate the remainder when 38 is divided by g.
12
Let n be 94/8 - 3/(-12). Suppose -4*g = -g - n. Calculate the remainder when g is divided by 2.
0
Let x(u) = 3*u - 25. Calculate the remainder when 66 is divided by x(13).
10
Suppose 0 = 4*s + s + 95. Suppose j + 3*j = -148. Let u = s - j. What is the remainder when 52 is divided by u?
16
Let a(p) = -p**2 + 10*p - 11. Calculate the remainder when 12 is divided by a(8).
2
What is the remainder when 45 is divided by 74/6 + (-4)/12?
9
Suppose -5*q - 2*p + 71 = 0, -4*p - 18 = 3*q - 55. Calculate the remainder when 6/((-18)/(-57))*3 is divided by q.
12
Let l be (5/3)/((-2)/(-18)). Let y = l + 30. What is the remainder when y is divided by 16?
13
Let q be 4/6*(-2 - -68). Let f be 3*(2 + -1)/1. Suppose -x = f*x - q. Calculate the remainder when 32 is divided by x.
10
Calculate the remainder when (-2 - -3) + 30 + -4 is divided by 14.
13
Suppose 2*a - a = 0. Suppose a = -3*x + 27 + 27. What is the remainder when x is divided by 10?
8
Let d be -3 + 4 - (-2 - -19). Let j = -1 - d. What is the remainder when 59 is divided by j?
14
What is the remainder when 12 + 4/(-1) + 4 is divided by 4?
0
Let o(w) = 20*w. What is the remainder when 59 is divided by o(1)?
19
Calculate the remainder when (32/(-24))/((-4)/246) is divided by 21.
19
Suppose 2*w - 100 = -c, 4*w - w - 5*c - 137 = 0. Calculate the remainder when w is divided by 13.
10
Let l(x) = -x + 15. Let q be l(7). Let z = -2 + q. Suppose -2*f = -0 - z. Calculate the remainder when 8 is divided by f.
2
Let g = 14 - -17. Calculate the remainder when g is divided by 8.
7
Suppose 3*r = -5*r + 48. What is the remainder when 8 is divided by r?
2
Suppose w = -3*s + 78, s - 5*s - 5*w = -115. Let j = -12 + s. Let q(f) = 3*f**2 - 2*f + 3. Calculate the remainder when q(3) is divided by j.
11
Suppose 0 = 5*o + 5*x - 25, 3*x - 19 = -5*o. Suppose 3*k - 6 = -2*u - k, 5*u - k = 15. Let p = u + o. Calculate the remainder when p is divided by 3.
2
Let b = 251 + -197. Calculate the remainder when b is divided by 8.
6
Let l = -37 + 41. What is the remainder when 9 is divided by l?
1
Let f = -1 - -5. Let l be ((-8)/(-20))/((-2)/20). Let g(p) = -p - 1. Calculate the remainder when f is divided by g(l).
1
Suppose 4 = 5*q + 2*l - 2, 2*q - 2*l = 8. Suppose q*u + 3*i = 6*i + 128, -u = 4*i - 42. What is the remainder when u is divided by 20?
18
Suppose y = -4*z + 42, 0 = -3*z - 4*y + 6*y + 37. Calculate the remainder when 31 is divided by z.
9
Let g = 165 + -162. Calculate the remainder when g is divided by 2.
1
Let d = 527 - 173. Calculate the remainder when d is divided by 51.
48
Suppose -3 = -3*x + 6. Let o(p) = 18*p + 2. Let u be o(x). Suppose -22 - u = -3*g. Calculate the remainder when g is divided by 14.
12
Suppose 3*g = 6*g + 12, -5*z = -5*g - 140. Calculate the remainder when 93 is divided by z.
21
Let o(c) = -4*c + 37. What is the remainder when o(7) is divided by 2?
1
Let d = 17 + -14. Let z(q) = -q**3 + 3*q**2 + 4. What is the remainder when 10 is divided by z(d)?
2
Suppose -4*d - 25 = -5*z + d, -3*d - 35 = -5*z. Suppose 0 = 3*v + m - 59, 5*v - 89 = -0*v + 3*m. Calculate the remainder when v is divided by z.
9
Let c = 101 - 68. Calculate the remainder when 43 is divided by (-6 - -1)*c/(-15).
10
Let t(o) = -o + 7. Calculate the remainder when 23 is divided by t(-5).
11
Let c(z) = z**3 - 4*z**2 + 4*z - 5. Calculate the remainder when c(4) is divided by 6 + (-24)/18*(-6)/(-4).
3
Let g(a) = -8*a - 4. Let i(u) = -u**2 - u - 1. Let w(r) = r**2 - 4*r + 3. Let p(n) = -2*i(n) - w(n). Calculate the remainder when g(-6) is divided by p(-8).
14
Let a(r) = r**2 + 3*r + 2. Let k(c) = c**2 + 3*c + 1. Let j(v) = -2*a(v) + 3*k(v). What is the remainder when 10 is divided by j(-4)?
1
What is the remainder when 66 is divided by 2 + 5/((-5)/(-21))?
20
Let x = 32 - 21. What is the remainder when 42 is divided by x?
9
Let o = 4 + -3. Suppose -w - o + 4 = 0. Suppose -4*l - 185 = -189. What is the remainder when w is divided by l?
0
Let t = 4 + -2. Let j be ((-1)/(-1))/((-6)/(-12)). Suppose -7*a + j*a - 3*g = -4, -2*g = 2*a. Calculate the remainder when a is divided by t.
0
Let o(c) = -6*c - 9. Let j(r) = 5*r + 8. Let s(d) = -5*j(d) - 4*o(d). Let f be s(-8). What is the remainder when (f - 3)*2 + 28 is divided by 16?
14
Let v(t) = t**2 + 5*t + 35. Calculate the remainder when v(-10) is divided by 22.
19
Let z be -3*(-3 - (-44)/12). Calculate the remainder when 43 is divided by z*(4 + (-38)/4).
10
Suppose -5*d = 6 - 456. What is the remainder when d is divided by 31?
28
Suppose 3*h + 146 = 3*i - 10, 3*h - 150 = -3*i. Calculate the remainder when i is divided by 27.
24
Let v(f) be the third derivative of -f**5/60 + f**4/3 + 11*f**3/6 + 2*f**2. Calculate the remainder when 43 is divided by v(8).
10
What is the remainder when 65 is divided by 264/(-32)*-2*2?
32
Suppose -2*d + 0 = -b + 11, 0 = 5*b + 2*d - 115. What is the remainder when 123 is divided by b?
18
Suppose 2*u + u + 2*n - 92 = 0, -2*n + 36 = u. Let o be (-3)/(9/(-6)) + 6. Let w = 23 - o. Calculate the remainder when u is divided by w.
13
Let q(p) = -p + 1. Let z(g) = 2*g - 6*g + 11 + 4*g - g. What is the remainder when q(-4) is divided by z(8)?
2
Let q = 153 - 124. What is the remainder when q is divided by 17?
12
Let u be 1/(0 + (-1)/(-9)). Let o = 18 - u. Suppose f - 3 = 0, 2*v - 5*f = -3*f + 4. What is the remainder when o is divided by v?
4
Suppose 69 + 87 = 6*m. Calculate the remainder when m is divided by 17.
9
Suppose -20 + 2 = -4*s + 2*j, 5*j = 2*s - 21. Suppose -s*b = 3*x - 30, 3*b = 4*x - 46 - 22. Let q = -32 - -58. Calculate the remainder when q is divided by x.
12
Let i(x) = -2*x + 107. What is the remainder when i(20) is divided by 18?
13
What is the remainder when (1*(-101)/(-4))/((-7)/(-28)) is divided by 35?
31
Let x be (0 + 12)*(-2)/(-4). Let y = x + 3. What is the remainder when 12 is divided by (-5)/(-3)*y/3?
2
Let k = -27 + 187. What is the remainder when k is divided by 41?
37
Suppose -2*h = -100 + 18. Calculate the remainder when h is divided by 11.
8
Suppose 2*b - 72 = -22. Calculate the remainder when 48 is divided by b.
23
Let c = 8 - 6. Let k(d) = d**2 - 13*d + 24. What is the remainder when k(11) is divided by c?
0
Suppose -2*n = -4*u + 2*n + 80, 5*n - 98 = -4*u. What is the remainder when 82 is divided by u?
16
Let y = 64 + -47. Let f(q) = 2*q**2 - 10*q + 5. What is the remainder when f(7) is divided by y?
16
Let m(s) = 8*s**2 - 2*s + 1. Suppose -13*a + 8*a = -125. What is the remainder when a is divided by m(1)?
4
Let d be 3435/(-6) - (-1)/(-2). Calculate the remainder when d/(-27) - 2/9 is divided by 12.
9
Let s = -13 + 16. Calculate the remainder when 11 is divided by s.
2
Let n = 6 + -3. Suppose 0 = 5*d - h - 73, -2*d - d = 5*h - 27. Suppose -r = n - d. Calculate the remainder when 21 is divided by r.
10
Suppose 0 = -c + 2, -2*c = 6*v - 2*v - 8. Suppose 3*l - 5*f + 0*f = 58, -v = -l - 2*f. What is the remainder when ((-4)/8)/((-1)/62) is divided by l?
9
Suppose 0 = -h + 48 - 40. What is the remainder when 12 is divided by h?
4
Let m(s) = -s**2 - 10*s + 16. Let d be m(-11). Let p(j) = -j**3 + 5*j**2 + j + 3. What is the remainder when 30 is divided by p(d)?
6
Let a(r) = 2*r**2 - 3*r - 17. Calculate the remainder when a(5) is divided by 5.
3
Suppose -3*l = 15, -2*o - 8 + 46 = -4*l. Calculate the remainder when 25 is divided by o.
7
Suppose 4*z - 4*q - 24 = 0, -1 = 5*q + 4. Suppose 3*a - 2*a - 32 = z*b, -4*b - 16 = 0. What is the remainder when 22 is divided by a?
10
Let o(n) = -n**2 + 9*n - 10. Let h be o(8). Let w = h + -22. Calculate the remainder when 10 is divided by ((-2)/(-4))/((-2)/w).
4
Suppose -6*r + 13*r = 147. Suppose 2*s - 10 = 8. Calculate the remainder when (-2)/(-9) - (-367)/s is divided by r.
20
Let f(x) = x**2 - 8*x + 4. Let r be f(8). Calculate the remainder when (10/r)/(-5)*-82 is divided by 11.
8
What is the remainder when 94 is divided by -4 + 4 + -7 + 4 - -19?
14
Suppose -3*t = 2*o - 5*t - 12, 4*o = -3*t